{"id":11,"date":"2021-10-29T16:16:39","date_gmt":"2021-10-29T14:16:39","guid":{"rendered":"http:\/\/diet-fanny.fr\/?page_id=11"},"modified":"2023-11-21T10:53:45","modified_gmt":"2023-11-21T09:53:45","slug":"accueil","status":"publish","type":"page","link":"https:\/\/diet-fanny.fr\/","title":{"rendered":"Accueil"},"content":{"rendered":"\n<div class=\"wp-block-media-text alignwide has-media-on-the-right is-stacked-on-mobile\" style=\"grid-template-columns:auto 27%\"><div class=\"wp-block-media-text__content\">\n<p class=\"has-medium-font-size\"><mark style=\"background-color:rgba(0, 0, 0, 0)\" class=\"has-inline-color has-black-color\">Di\u00e9t\u00e9ticienne-nutritionniste dipl\u00f4m\u00e9e de l\u2019institut universitaire de technologie de Tours, je vous propose un accompagnement durable dans l\u2019apprentissage d\u2019un nouveau mode de vie alimentaire adapt\u00e9 \u00e0 vos besoins. Les consultations peuvent \u00eatre r\u00e9alis\u00e9es en cabinet, \u00e0 distance et\/ou \u00e0 domicile.<\/mark> <\/p>\n<\/div><figure class=\"wp-block-media-text__media\"><img loading=\"lazy\" decoding=\"async\" width=\"683\" height=\"1024\" src=\"https:\/\/diet-fanny.fr\/wp-content\/uploads\/2023\/11\/IMG_29081-683x1024.jpg\" alt=\"\" class=\"wp-image-342 size-full\" srcset=\"https:\/\/diet-fanny.fr\/wp-content\/uploads\/2023\/11\/IMG_29081-683x1024.jpg 683w, https:\/\/diet-fanny.fr\/wp-content\/uploads\/2023\/11\/IMG_29081-200x300.jpg 200w, https:\/\/diet-fanny.fr\/wp-content\/uploads\/2023\/11\/IMG_29081-768x1152.jpg 768w, https:\/\/diet-fanny.fr\/wp-content\/uploads\/2023\/11\/IMG_29081-1024x1536.jpg 1024w, https:\/\/diet-fanny.fr\/wp-content\/uploads\/2023\/11\/IMG_29081-1365x2048.jpg 1365w, https:\/\/diet-fanny.fr\/wp-content\/uploads\/2023\/11\/IMG_29081-1140x1710.jpg 1140w, https:\/\/diet-fanny.fr\/wp-content\/uploads\/2023\/11\/IMG_29081-scaled.jpg 1707w\" sizes=\"auto, (max-width: 683px) 100vw, 683px\" \/><\/figure><\/div>\n\n\n\n<div style=\"height:100px\" aria-hidden=\"true\" class=\"wp-block-spacer\"><\/div>\n\n\n\n<p class=\"has-medium-font-size\">Chacun d\u2019entre nous connait des \u00e9preuves difficiles \u00e0 traverser, des traumatismes physiques, psychiques ou \u00e9motionnels qui entrainent, dans la plupart des cas, une d\u00e9structuration alimentaire. Nos \u00e9motions (stress, tristesse, joie, honte, col\u00e8re..) ainsi que notre rythme journalier (professionnel et personnel) peuvent prendre le dessus sur l&rsquo;\u00e9coute du corps et l&rsquo;\u00e9quilibre alimentaire. <\/p>\n\n\n\n<p class=\"has-medium-font-size\">Mes conseils personnalis\u00e9s auront pour objectif de vous aider \u00e0 am\u00e9liorer votre qualit\u00e9 de vie et votre bien-\u00eatre, en tenant compte de votre quotidien ainsi que de votre personnalit\u00e9. Apr\u00e8s une \u00e9coute attentive de votre situation, je pourrai \u00e9tablir un programme di\u00e9t\u00e9tique sp\u00e9cifique, adapt\u00e9 \u00e0 vos besoins. <\/p>\n\n\n\n<p class=\"has-medium-font-size\">Les nouvelles habitudes alimentaire se prendront de fa\u00e7on progressive afin que les r\u00e9sultats soient durables et que le sentiment de frustration disparaisse.<\/p>\n\n\n\n<div style=\"height:43px\" aria-hidden=\"true\" class=\"wp-block-spacer\"><\/div>\n\n\n\n<p class=\"has-text-align-center has-background has-medium-font-size\" style=\"background-color:#84d2c9\"><strong><em>POURQUOI CONSULTER <\/em><\/strong><\/p>\n\n\n\n<div style=\"height:55px\" aria-hidden=\"true\" class=\"wp-block-spacer\"><\/div>\n\n\n\n<div class=\"wp-block-group\"><div class=\"wp-block-group__inner-container is-layout-flow wp-block-group-is-layout-flow\">\n<div class=\"wp-block-columns is-layout-flex wp-container-core-columns-is-layout-9d6595d7 wp-block-columns-is-layout-flex\">\n<div class=\"wp-block-column is-layout-flow wp-block-column-is-layout-flow\">\n<ul class=\"wp-block-list\">\n<li>Syndrome de l\u2019intestin irritable<\/li>\n\n\n\n<li>Allergies et intol\u00e9rances alimentaires<\/li>\n\n\n\n<li>Maladies inflammatoires chroniques intestinales (MICI)<\/li>\n<\/ul>\n\n\n\n<p><\/p>\n<\/div>\n\n\n\n<div class=\"wp-block-column is-layout-flow wp-block-column-is-layout-flow\">\n<ul class=\"wp-block-list\">\n<li>Surpoids et ob\u00e9sit\u00e9<\/li>\n\n\n\n<li>Chirurgie digestive<\/li>\n\n\n\n<li>Maigreur <\/li>\n\n\n\n<li>Alimentation du sportif <\/li>\n\n\n\n<li>Grossesse et allaitement <\/li>\n<\/ul>\n\n\n\n<p><\/p>\n<\/div>\n\n\n\n<div class=\"wp-block-column is-layout-flow wp-block-column-is-layout-flow\">\n<ul class=\"wp-block-list\">\n<li>Diab\u00e8te<\/li>\n\n\n\n<li>Hypercholest\u00e9rol\u00e9mie<\/li>\n\n\n\n<li>Hypertriglyc\u00e9rid\u00e9mie<\/li>\n\n\n\n<li>Hypertension art\u00e9rielle<\/li>\n<\/ul>\n\n\n\n<p><\/p>\n<\/div>\n<\/div>\n<\/div><\/div>\n\n\n<div class=\"is-default-size alignright wp-block-site-logo\"><a href=\"https:\/\/diet-fanny.fr\/\" class=\"custom-logo-link\" rel=\"home\"><img loading=\"lazy\" decoding=\"async\" width=\"2551\" height=\"2507\" src=\"https:\/\/diet-fanny.fr\/wp-content\/uploads\/2021\/11\/cropped-Logo-Fanny-Fond-transparent-3.png\" class=\"custom-logo\" alt=\"Fanny Vialas\" srcset=\"https:\/\/diet-fanny.fr\/wp-content\/uploads\/2021\/11\/cropped-Logo-Fanny-Fond-transparent-3.png 2551w, https:\/\/diet-fanny.fr\/wp-content\/uploads\/2021\/11\/cropped-Logo-Fanny-Fond-transparent-3-300x295.png 300w, https:\/\/diet-fanny.fr\/wp-content\/uploads\/2021\/11\/cropped-Logo-Fanny-Fond-transparent-3-1024x1006.png 1024w, https:\/\/diet-fanny.fr\/wp-content\/uploads\/2021\/11\/cropped-Logo-Fanny-Fond-transparent-3-768x755.png 768w, https:\/\/diet-fanny.fr\/wp-content\/uploads\/2021\/11\/cropped-Logo-Fanny-Fond-transparent-3-1536x1510.png 1536w, https:\/\/diet-fanny.fr\/wp-content\/uploads\/2021\/11\/cropped-Logo-Fanny-Fond-transparent-3-2048x2013.png 2048w, https:\/\/diet-fanny.fr\/wp-content\/uploads\/2021\/11\/cropped-Logo-Fanny-Fond-transparent-3-1140x1120.png 1140w, https:\/\/diet-fanny.fr\/wp-content\/uploads\/2021\/11\/cropped-Logo-Fanny-Fond-transparent-3-75x75.png 75w\" sizes=\"auto, (max-width: 2551px) 100vw, 2551px\" \/><\/a><\/div>\n\n\n<p><\/p>\n","protected":false},"excerpt":{"rendered":"<p>Di\u00e9t\u00e9ticienne-nutritionniste dipl\u00f4m\u00e9e de l\u2019institut universitaire de technologie de Tours, je vous propose un accompagnement durable dans l\u2019apprentissage d\u2019un nouveau mode de vie alimentaire adapt\u00e9 \u00e0 vos besoins. Les consultations peuvent \u00eatre r\u00e9alis\u00e9es en cabinet, \u00e0 distance et\/ou \u00e0 domicile. Chacun d\u2019entre nous connait des \u00e9preuves difficiles \u00e0 traverser, des traumatismes physiques, psychiques ou \u00e9motionnels qui entrainent, dans la plupart des cas, une d\u00e9structuration alimentaire. Nos \u00e9motions (stress, tristesse, joie, honte, col\u00e8re..) ainsi que notre rythme journalier (professionnel et personnel) peuvent prendre le dessus sur l&rsquo;\u00e9coute du corps et l&rsquo;\u00e9quilibre alimentaire. Mes conseils personnalis\u00e9s auront pour objectif de vous aider \u00e0 am\u00e9liorer votre qualit\u00e9 de vie et votre bien-\u00eatre, en tenant compte de votre quotidien ainsi que de votre personnalit\u00e9. Apr\u00e8s une \u00e9coute attentive de votre situation, je pourrai \u00e9tablir un programme di\u00e9t\u00e9tique sp\u00e9cifique, adapt\u00e9 \u00e0 vos besoins. Les nouvelles habitudes alimentaire se prendront de fa\u00e7on progressive afin que les r\u00e9sultats soient durables et que le sentiment de frustration disparaisse. POURQUOI CONSULTER<\/p>\n","protected":false},"author":1,"featured_media":0,"parent":0,"menu_order":0,"comment_status":"closed","ping_status":"closed","template":"","meta":{"_monsterinsights_skip_tracking":false,"_monsterinsights_sitenote_active":false,"_monsterinsights_sitenote_note":"","_monsterinsights_sitenote_category":0,"footnotes":""},"class_list":["post-11","page","type-page","status-publish","hentry"],"_links":{"self":[{"href":"https:\/\/diet-fanny.fr\/index.php?rest_route=\/wp\/v2\/pages\/11","targetHints":{"allow":["GET"]}}],"collection":[{"href":"https:\/\/diet-fanny.fr\/index.php?rest_route=\/wp\/v2\/pages"}],"about":[{"href":"https:\/\/diet-fanny.fr\/index.php?rest_route=\/wp\/v2\/types\/page"}],"author":[{"embeddable":true,"href":"https:\/\/diet-fanny.fr\/index.php?rest_route=\/wp\/v2\/users\/1"}],"replies":[{"embeddable":true,"href":"https:\/\/diet-fanny.fr\/index.php?rest_route=%2Fwp%2Fv2%2Fcomments&post=11"}],"version-history":[{"count":51,"href":"https:\/\/diet-fanny.fr\/index.php?rest_route=\/wp\/v2\/pages\/11\/revisions"}],"predecessor-version":[{"id":344,"href":"https:\/\/diet-fanny.fr\/index.php?rest_route=\/wp\/v2\/pages\/11\/revisions\/344"}],"wp:attachment":[{"href":"https:\/\/diet-fanny.fr\/index.php?rest_route=%2Fwp%2Fv2%2Fmedia&parent=11"}],"curies":[{"name":"wp","href":"https:\/\/api.w.org\/{rel}","templated":true}]}}